greatest common divisor of q and 4?
4
Suppose -32*w + 1151 = 31. Let y = -46 + 74. Calculate the greatest common divisor of w and y.
7
Let f(z) = 5*z + 5. Let q be -1 + 7 + (-8 - -7 - -2). Suppose -18 = q*j - 9*j. Let g be f(j). What is the greatest common factor of g and 20?
10
Let v(l) = -l**3 - 10*l**2 + 9*l - 2. Let k = 63 + -75. Let x be v(k). Let y = x - 124. What is the greatest common factor of y and 6?
6
Let l(v) = 3*v + 36. Let s be l(-4). Let f be (3 - (-4 - -4))*s. Let d be ((-48)/15)/(-2)*30. What is the highest common divisor of f and d?
24
Let g(n) = -n + 7. Let p be g(10). Let s be 6 - 6/2 - p. Let i = -330 - -384. What is the greatest common divisor of i and s?
6
Let n(q) = q**3 - 6*q**2 + 7*q - 3. Let h be n(4). Let b be h/((-126)/30)*(1 + 2). Calculate the highest common divisor of b and 125.
5
Suppose 4*f - 5*y = -0*y - 12, 5*y = 3*f + 14. Let n be (-115)/f*(48/15)/(-1). Let i be 90/4 - 1/(-2). Calculate the greatest common factor of n and i.
23
Let v = -3500 + 6250. Suppose -3*b + 2*j = -1650, 3*j - 6*j - v = -5*b. Let f be b/15 - 2/3. Calculate the highest common divisor of 4 and f.
4
Let v(y) = -66*y**2 + 668*y + 8. Let m be v(10). What is the highest common factor of m and 64?
8
Let b(h) = 93*h**3 - 33*h**2 + 9. Let g be b(2). What is the greatest common factor of 69 and g?
69
Let y be ((-170)/51*84/(-5))/(2 + 0). What is the greatest common divisor of y and 1071?
7
Let x = -481 + 498. Suppose x*i - 6*i - 1232 = 0. Calculate the highest common divisor of i and 14.
14
Let l be (1764/(-27))/((-4)/(-30)). Let y = 808 + l. Suppose -82 = -2*k + y. What is the highest common divisor of 25 and k?
25
Let y be 7*-3*(-3)/(-63) - -6. Suppose 0 = y*k - 1222 + 917. Calculate the highest common factor of k and 1342.
61
Suppose 3*z - 3*w = 18, 3*z = -25*w + 29*w + 12. What is the highest common divisor of 258 and z?
6
Let x(i) = i + 314. Let m be x(-66). Calculate the highest common divisor of 434 and m.
62
Let a be -3*14/35*(1 - 26). Suppose -5*s + 130 + 35 = 0. Calculate the highest common divisor of s and a.
3
Let a(l) = -78*l + 904. Let o be a(8). Calculate the greatest common factor of o and 504.
56
Let m = 468 - 347. Let d = 16 - 5. What is the highest common divisor of m and d?
11
Let f(i) = -2*i**3 + 31*i**2 + 39*i - 540. Let r be f(15). Calculate the greatest common factor of 2862 and r.
54
Suppose 3*k + 2*q + 32 = 0, -3*q + 4*q = -2*k - 20. Let a be ((-78)/k)/(15/560). What is the greatest common factor of 28 and a?
28
Suppose 161*z = 188 + 134. Calculate the greatest common factor of z and 1138.
2
Suppose 21*i = 18*i + 36. Let f be (i/10)/(28/70). Suppose -f*y + 22 = -y. What is the greatest common divisor of 55 and y?
11
Let k(y) = 7*y - 139. Let j be k(29). Suppose 9 = 2*m + 4*q - 7, 3*m - j = 2*q. What is the greatest common factor of m and 27?
9
Let c be (252902/130)/(9/45). What is the greatest common factor of 71 and c?
71
Let u = -57 - -69. Suppose 70 = -7*j + u*j - 2*i, 3*j + 3*i - 21 = 0. What is the highest common divisor of j and 44?
4
Suppose -16420 = -4*o + 4*f, -1534*o = -1530*o - 2*f - 16418. Calculate the greatest common divisor of o and 27.
27
Let d be 240 - 1*(3 + -4)*0. Let y(k) = 3*k**2 - 9*k + 6. Let x be y(6). What is the highest common divisor of x and d?
60
Let z be (-130548)/86*-1*2/6. What is the highest common divisor of z and 594?
22
Let z(c) = -c**2 + 116*c - 282. Let b be z(40). What is the highest common factor of b and 70?
14
Let u(k) = 13*k + 707. Let o be u(-50). Let f(j) = -j**3 + 23*j**2 + 33*j - 7. Let r be f(24). Calculate the highest common factor of r and o.
19
Suppose -5*p + d = -4*d + 465, -2*d = -3*p - 278. Let v = -101 - p. Let h be (-5424)/(-108) + 2/v. What is the greatest common factor of h and 15?
5
Suppose 0 = -5*y - 282 + 482. What is the highest common divisor of 230 and y?
10
Suppose 134*r + 21950 - 193609 = 108401. Calculate the greatest common divisor of r and 285.
95
Let o be 50/225 - (291/(-27) + 0). Suppose -2658 = -o*a - 128. Calculate the highest common factor of 20 and a.
10
Let c(b) = -b**3 - 17*b**2 - 14*b + 53. Let i be c(-16). Calculate the highest common factor of 728 and i.
7
Suppose 48*s + 9*s - 20774 = -2078. Suppose 4*r + 16 = 180. What is the greatest common factor of s and r?
41
Suppose 3*c - 112 = -c. Let h be 226 - (-2 + -7)*1/(-3). Suppose -4*m - 26*u + 27*u = -h, 4*m - 219 = 5*u. What is the highest common factor of m and c?
28
Suppose -3*j + 165 = 3*n, -74*j + 3*n + 85 = -72*j. What is the highest common divisor of 34 and j?
2
Let f(o) = -98*o + 12. Let l be f(-6). Suppose 0*c = -5*c + l. Let y be (-8 + 2)/(5 - (-161)/(-28)). What is the greatest common divisor of c and y?
8
Let h be (-6)/(-4) - (630/(-36) - -15). Suppose -4*j + 36 = -2*t, 3*t - 45 = -h*j - 9. Let s = -4 - -7. Calculate the highest common factor of j and s.
3
Suppose -5*l + 26 = 76. Let i = 27 + l. Let x(j) = -44*j + 237. Let y be x(5). What is the greatest common factor of y and i?
17
Suppose -5*o = 3*b - 149, 1989 = 2*b + 4*o + 1881. Let i(c) = c**3 + 24. Let x be i(0). Calculate the greatest common factor of b and x.
4
Suppose 0 = -6*t + 11 + 13. Suppose -s + t + 5 = 0. Let y(z) = -2*z + 103. Let v be y(11). What is the highest common factor of s and v?
9
Suppose -k = -u - 12, 2*k - 5*u = 13 + 5. Let h be -7*1/1*(22 + -23). What is the greatest common divisor of h and k?
7
Suppose 6*q + 173 = -1141. Let h = 444 + q. What is the greatest common divisor of 9 and h?
9
Let g(r) = -r**3 + 164*r**2 + 541*r - 1022. Let w be g(167). What is the highest common divisor of w and 184?
46
Suppose -34397 = -92194*q + 92135*q. Suppose 2*n = 4*k - 154 - 64, 0 = -k - n + 50. Calculate the greatest common factor of q and k.
53
Let r be 22/4*(-5960)/(-3278). Calculate the highest common divisor of r and 3035.
5
Suppose 2*c + 102 = t, 2*t + 209 = 4*t + c. Let n be (0 + (-49)/14)*(-10 + -94). What is the highest common factor of n and t?
52
Suppose 46 = -17*f + 63. Let o be ((-20)/(-8))/((-1)/(-2)). Suppose -o*t = 4*b - 13, 2*t - 4*b = 4*t - 10. What is the highest common divisor of f and t?
1
Let u be (-4 - -3) + (18 - 3). Let p be 186/42 + 8/14. Let q = 33 - p. What is the greatest common factor of u and q?
14
Let v be ((-472)/14)/((-24)/4704*7). What is the highest common factor of v and 1062?
118
Suppose 0 = -3*s + 4*a + 33, 9*s = 13*s + 5*a - 44. Calculate the highest common divisor of 10571 and s.
11
Let j(z) = -113*z + 103. Let a be j(-8). What is the greatest common factor of 53 and a?
53
Suppose 6*r = -5*n + 306, -4*r + 345 = 2*n + 133. What is the greatest common divisor of r and 928?
8
Let u(o) = 99*o - 1077. Let b be u(11). What is the greatest common divisor of 7188 and b?
12
Suppose 12*b + 7 = 43. Suppose 9*j - 5*y - 16 = 8*j, -b*y + 133 = 4*j. Calculate the highest common factor of j and 31.
31
Let p = -2205 - -2234. Suppose -3*j + 18 = 4*c, 8 + 12 = 2*c - 4*j. Let h be (-54)/(-12)*p + c/4. What is the highest common divisor of 33 and h?
33
Let z = -2502 - -3243. Calculate the highest common divisor of z and 304.
19
Suppose -3*j + 90 - 175 = -100. What is the highest common factor of j and 16540?
5
Let a be (163415/70)/29*1/(7/8). Let j be (-46 - 0)*(-1)/2. Calculate the greatest common factor of a and j.
23
Let b be (1 + 464)/((12 - (-11662)/(-616)) + 7). What is the highest common factor of 465 and b?
155
Suppose 0 = -5*z + 269 - 9. Let t = 1041 + 7. Suppose -t*h + 1036*h + 48 = 0. What is the highest common divisor of z and h?
4
Let r be ((288/42)/12)/((-2)/(-14)). Suppose -4*s + 123 = 5*t - 204, 2*s = -r. What is the highest common factor of t and 201?
67
Let a(k) = k**3 - 3*k**2 - 2*k + 6. Let p be a(5). Let b(o) = 42*o**2 - 83*o + 32. Let l be b(3). What is the highest common factor of p and l?
23
Let h be (0 - (-2)/(-8)) + (16 - (-928)/128). Let l be (-4)/(-6)*3/2. What is the highest common factor of l and h?
1
Let f = 1174645 + -1174053. Suppose 5*g - 5*j - 443 = -68, -3*g + 226 = -4*j. What is the greatest common divisor of g and f?
74
Let t be 796/10 - (-8)/20. Suppose v = 7*v. Suppose -3*i = 5*c - 76, 4*i = -v*i - 4*c + 112. Calculate the greatest common divisor of t and i.
16
Let z = 257 - 266. Let a(o) = 9*o**2 + 20*o - 13. Let s be a(z). What is the greatest common 